e units digit of s(q)?
1
Suppose 9*c - 3267 = 6543. What is the units digit of c?
0
Let q be (16/(-6))/(6/(-9)). Suppose q*t = t - 5*y + 7, 4*t - 5*y = 21. Suppose 3*s = -4*j + 23 + 35, 4*j = -t*s + 80. What is the tens digit of s?
2
Let p(r) = r**3 + 8*r**2 + 3*r. Let d be (-27)/6*12/9. What is the tens digit of p(d)?
5
Let z = 69 - 58. Suppose z*o - 225 = 6*o. What is the tens digit of o?
4
Let g(m) = -7*m - 4. Let p(s) = s + 1. Let h(z) = g(z) - 3*p(z). Let r be h(5). Let a = r - -87. What is the tens digit of a?
3
Let w(n) = -n**3 - 16*n**2 - 18*n - 50. Let c be w(-15). Let t(m) = 4*m**2 + 7*m + 13. What is the units digit of t(c)?
8
Suppose 3*o + 2 = -5*n - 2, n - 2 = -2*o. Suppose 0 = 4*l - 0*v - v - 277, 2*l - o*v = 140. What is the tens digit of l?
6
Let a = -677 - -1146. What is the hundreds digit of a?
4
Suppose 81 = -13*h + 16*h. Suppose -23*z = -h*z + 92. What is the tens digit of z?
2
Suppose -4*h = -3*h - 18. Let v = h + -12. What is the units digit of v?
6
Let o(q) = q**3 - q**2 + 2. Let f be o(-2). Suppose -7*l + 18 + 10 = 0. What is the tens digit of 4*l - f/5?
1
Suppose 6*g - 230 = 940. Suppose 158 = 5*w - 2*o - 9, 0 = 5*w + 5*o - g. What is the tens digit of w?
3
Suppose h - 5*h + 20 = 0, -3*v + 3*h = -69. Let s = 71 - v. What is the tens digit of s?
4
Let q be (-12)/4 - -7 - -112. Suppose -3*j = -q - 67. What is the units digit of j?
1
Let m(w) = -3*w + 13. Let u be m(10). Let l = u + 3. What is the units digit of (-104)/(-28) + (-4)/l?
4
Suppose 5*k + 11025 = 5*i, -11057 = -5*i - 0*k - 3*k. What is the hundreds digit of i?
2
Let w(g) = g**2 + 4*g + 7. Let n be w(-5). Let i = -20 + n. Let c = 24 + i. What is the units digit of c?
6
Suppose z + 0 = 5*p + 1, -2*p - 10 = 2*z. Let q = z - -9. Suppose 2*o - g = 9, -10*o = -q*o + 2*g - 9. What is the units digit of o?
3
Let w = -26 - -28. Suppose 0 = -4*g + 5*u + 81, -4*g + w*u + 31 + 47 = 0. What is the tens digit of g?
1
Let d(r) = -9*r - 11. Let o be d(-18). Suppose 0 = -5*s - n + o, 0 = 2*n - 0*n + 8. Suppose -34*w = -s*w - 24. What is the units digit of w?
8
Let o(n) = 2*n**3 - 2*n**3 + 7 - n**3 + 10*n + 8*n**2. Let p = -30 - -39. What is the units digit of o(p)?
6
Let a = 24 + -23. Let d be 1/(a/(-4)) - -3. What is the units digit of (22 - 6)/(d/(-2))?
2
Let s(l) be the second derivative of -l**5/20 + 11*l**4/12 - 7*l**3/6 - 21*l**2/2 + 25*l. What is the units digit of s(9)?
8
Let z(d) = -7*d + 4. Let c(u) = -20*u + 11. Let g(q) = 6*c(q) - 17*z(q). What is the units digit of g(-9)?
7
Let r = 31 - 12. Let y be (-3)/(-1*21/140). Let l = y - r. What is the units digit of l?
1
Let s(o) = 31*o - 9. Let p be -1 + (4 - -4) + -3. Let h be s(p). Suppose 0 = 3*n + 12, 4*y + 5*n - h = 5. What is the units digit of y?
5
Suppose -l - 61 = -4*n, 3*l = 2*l - 2*n - 61. Let p = 85 - l. What is the tens digit of p?
4
Let c be (-26510)/(-154) - (-2)/(-14). Suppose -4*k + 4*s + c = -k, 4*k - 3*s = 220. What is the tens digit of k?
5
Let c(r) = r**3 + 39*r**2 - 68*r - 54. What is the units digit of c(-39)?
8
Let p be -614*((1 - 4) + 10/4). Suppose j = -l + p - 26, 25 = -5*j. What is the hundreds digit of l?
2
Let a = 5 + -5. Suppose a = 2*r + r. What is the units digit of 24 + (-1)/(-1) + r?
5
What is the units digit of -2*((-793)/(-2))/(-13)?
1
Let k(l) = -40*l + 4. Let i be k(-2). Suppose -4*t = -3*m + m + i, -2*m + 49 = 3*t. What is the units digit of m?
2
Let m be (-3 + 2)*(-1 + -4). Suppose 6*u + 5*o - 404 = 2*u, -o = m*u - 505. What is the units digit of u?
1
Suppose -5935 + 1674 = -s - 5*u, 2*u - 4261 = -s. What is the units digit of s?
1
Suppose 4*j - 1309 = 2*s + 1091, -j + 4*s = -600. What is the tens digit of j?
0
Suppose 494 = -15*v + 4379. What is the tens digit of v?
5
Suppose 13*d + 20*d = 27687. What is the tens digit of d?
3
Suppose 0 = -4*s + d - 2*d + 3317, -3*s = 2*d - 2494. What is the tens digit of s?
2
Let f(j) = -j - 1. Let n(u) = 2 - 4*u + 5*u - 1 + u. Let x(h) = -13*f(h) - 6*n(h). What is the units digit of x(0)?
7
Let u(v) = 4*v - 9. Let b(m) = m**2 + 6. Let g be b(0). Let i be (48/(-9))/(g/(-9)). What is the tens digit of u(i)?
2
Suppose 4*c - 6*c - 2*j = -328, 5*c - 792 = 2*j. Suppose 3*b = 8*b - 20. Suppose -3*t = u - c, 3*u + 2*u + 188 = b*t. What is the units digit of t?
2
Let u(z) = 16*z. Suppose -3*h + 20 = h. What is the tens digit of u(h)?
8
Let r(g) = g**2 + 2*g - 2. Let v be r(-3). Let b be (4 - (5 - v)) + -87. Let t = b - -122. What is the units digit of t?
5
Suppose 36*c + 4930 = 46*c. What is the units digit of c?
3
What is the hundreds digit of ((-23385)/(-20))/((-45)/20 + 3)?
5
Let d = 1046 + -436. Suppose k = -4*k + d. What is the hundreds digit of k?
1
Let m = -17 - -21. Suppose 3*i = m + 5. Suppose -3*u = -2*x + 39, -x + u + 32 = -i*u. What is the units digit of x?
2
Suppose 42*o - 52*o + 11020 = 0. What is the thousands digit of o?
1
Let c(p) = -4*p**2 - 10*p + 9. Let f(r) = -7*r**2 - 21*r + 17. Let y(j) = -5*c(j) + 3*f(j). What is the tens digit of y(-8)?
4
Let o(d) = -d**2 - 10*d + 20. Let u be o(-10). Let h = u - 20. Let g(i) = -i**2 + i + 42. What is the units digit of g(h)?
2
Suppose -8*p = 4*v - 5*p - 2328, -4 = p. What is the hundreds digit of v?
5
What is the tens digit of 100/(-300)*(14*-3 - 0)?
1
Let z = -2 - -5. Let y = z + -3. Suppose y = -4*a + 15 + 89. What is the tens digit of a?
2
Let m(o) = -2*o + 23. Let b be m(11). What is the units digit of (b - -5)/((-1)/(-5))?
0
Suppose 0 = -17*r + 14*r + 741. What is the tens digit of r?
4
Let f = 2480 - 837. What is the hundreds digit of f?
6
Let v(a) = 15*a**2 + 93*a - 477. What is the tens digit of v(5)?
6
Let i(n) = -13*n**2 + 265*n - 11. What is the thousands digit of i(10)?
1
Let x(t) = t**3 - 3*t**2 - 2*t - 15. Let w be x(0). What is the hundreds digit of (12/9 - 1) + (-3130)/w?
2
Let i(b) = -b**2 - 6*b + 4. Let o be i(-6). Suppose -j - 5*a + 4 = 2, -5*a + 17 = -o*j. What is the tens digit of 2/((24/(-116))/j)?
2
Suppose 73 = -4*f + 41. Let r(q) = -7*q**3 - 15*q**2 - 10*q + 7. Let o(h) = -h**3 - h**2 - h. Let p(l) = 6*o(l) - r(l). What is the units digit of p(f)?
5
Suppose 6*s - 5*s = 13. Let y(a) = 7*a + 20. What is the hundreds digit of y(s)?
1
Let k = 617 - -432. What is the hundreds digit of k?
0
Let s = 52 + 1. Let f = -146 - -150. Suppose -s = -f*d + 235. What is the tens digit of d?
7
Suppose -142 = -2*n + 5*o, 7*o = 8*o. Let u = -56 + n. What is the units digit of u?
5
Let k = -31 + 33. What is the units digit of 82/(0 + 4/k)?
1
Suppose 0 = y - 284 - 122. What is the units digit of y?
6
Let y(u) = u. Let h be y(-3). What is the tens digit of -30*h*20/12 - 3?
4
Let f = 10 + -6. Suppose 9 = -3*x + f*x. Suppose 0 = -10*l + x*l + 22. What is the tens digit of l?
2
Let i = 20 + -16. Suppose 0 = -i*m + 8, 0*m - 340 = -2*j - 2*m. Suppose 0 = 5*b + 3*k - j, k - 4*k = -4*b + 156. What is the units digit of b?
6
Let v = 21 + -17. Suppose 4*q = -4*t, -v*q - q + 5 = 4*t. Suppose 2*z = -q + 79. What is the tens digit of z?
3
Suppose -w = 2*m - m - 1, -4*m = -4*w + 44. Let g = 30 - w. Let y = g + 13. What is the units digit of y?
7
Let b = 1433 + -840. What is the tens digit of b?
9
What is the tens digit of (-927 + 13)/((-8)/12)?
7
Suppose 4*p - 382 = 3*y + 75, 2*p - y - 227 = 0. Suppose -2*a + p = 3*l, 0*l - 2*l = 3*a - 68. What is the tens digit of l?
4
Suppose -11*q + 4 = -9*q. Suppose 5*o - 2*n + 21 = 0, -5*n = 4*o + o + 35. Let k = q - o. What is the units digit of k?
7
Let l = -103 + 1281. What is the units digit of l?
8
Let d(a) = -a**2 + 3*a + 2. Let p be d(2). What is the tens digit of p/((-16)/(-12)) + 32?
3
What is the tens digit of (4107/(-12))/(22/(-88))?
6
Let z = -27 - -36. What is the tens digit of (8 + -4 + z)*5?
6
Suppose 3*c + 4*b + 4 = 5, -2*c - 3*b = 0. Suppose f - 3*f + 369 = -c*j, f + 4*j = 201. What is the hundreds digit of f?
1
Suppose 2*q - 1560 = -0*q + 4*l, -2*q - l = -1535. What is the hundreds digit of q?
7
Suppose -4*j + l - 4*l - 358 = 0, 4*j - 3*l + 346 = 0. Let y = j - -163. Suppose -3*k - k = -g + 43, y = g + 4*k. What is the units digit of g?
9
Let j(g) = -2*g - 5. Let b be j(-5). Suppose 4*t - 194 = a + 111, b*t + 5*a = 400. What is the units digit of t?
7
What is the tens digit of (-1*12/10)/((-12)/21630)?
6
Let x(c) = -3*c - 3*c**3 + 16 + 2*c + 10